nds digit of 89228185?
2
What is the ten millions digit of 74078389?
7
What is the millions digit of 192453080?
2
What is the hundred thousands digit of 296912574?
9
What is the hundreds digit of 1347343384?
3
What is the thousands digit of 1278602?
8
What is the millions digit of 263951307?
3
What is the ten millions digit of 5219432923?
1
What is the units digit of 256253346?
6
What is the ten thousands digit of 131292120?
9
What is the billions digit of 2467431995?
2
What is the millions digit of 471400876?
1
What is the tens digit of 861741960?
6
What is the hundred millions digit of 1325710267?
3
What is the ten millions digit of 324449967?
2
What is the millions digit of 65546593?
5
What is the thousands digit of 21087654?
7
What is the units digit of 54172764?
4
What is the tens digit of 1127454516?
1
What is the tens digit of 964776515?
1
What is the thousands digit of 94392120?
2
What is the hundred thousands digit of 746476658?
4
What is the thousands digit of 546073909?
3
What is the units digit of 60462977?
7
What is the thousands digit of 43894986?
4
What is the ten thousands digit of 622333832?
3
What is the hundreds digit of 161533857?
8
What is the units digit of 14689570?
0
What is the hundreds digit of 21183145?
1
What is the ten millions digit of 104093757?
0
What is the billions digit of 2320412795?
2
What is the hundreds digit of 152580667?
6
What is the hundred thousands digit of 484142603?
1
What is the hundred thousands digit of 3695356239?
3
What is the ten thousands digit of 699018545?
1
What is the thousands digit of 3309189917?
9
What is the tens digit of 6473284600?
0
What is the hundred millions digit of 231068299?
2
What is the hundred millions digit of 146699416?
1
What is the hundred millions digit of 118044223?
1
What is the ten millions digit of 10969085?
1
What is the thousands digit of 647094735?
4
What is the thousands digit of 3216168016?
8
What is the hundred thousands digit of 5586665768?
6
What is the hundred millions digit of 458580301?
4
What is the ten thousands digit of 134790577?
9
What is the tens digit of 5194654759?
5
What is the hundred thousands digit of 1673884755?
8
What is the ten thousands digit of 605881301?
8
What is the millions digit of 579375639?
9
What is the ten thousands digit of 2203134430?
3
What is the units digit of 15726703?
3
What is the hundreds digit of 244164133?
1
What is the millions digit of 1856227828?
6
What is the hundred thousands digit of 262419526?
4
What is the hundred thousands digit of 137625525?
6
What is the millions digit of 435826132?
5
What is the thousands digit of 421640515?
0
What is the tens digit of 870559866?
6
What is the ten millions digit of 32411211?
3
What is the tens digit of 348132350?
5
What is the millions digit of 604578601?
4
What is the hundred millions digit of 3339275224?
3
What is the ten millions digit of 923253269?
2
What is the hundreds digit of 114315237?
2
What is the millions digit of 1394045591?
4
What is the millions digit of 164706874?
4
What is the hundred thousands digit of 579116570?
1
What is the thousands digit of 7720578274?
8
What is the ten thousands digit of 565033402?
3
What is the hundred millions digit of 101459799?
1
What is the tens digit of 96380095?
9
What is the millions digit of 36665875?
6
What is the hundred thousands digit of 128579263?
5
What is the hundred millions digit of 1758364607?
7
What is the tens digit of 161352776?
7
What is the millions digit of 157306925?
7
What is the hundreds digit of 2501339006?
0
What is the tens digit of 287191545?
4
What is the tens digit of 429259366?
6
What is the thousands digit of 37881214?
1
What is the ten millions digit of 152099312?
5
What is the millions digit of 37815234?
7
What is the ten thousands digit of 34146952?
4
What is the thousands digit of 3564818900?
8
What is the hundred millions digit of 143293750?
1
What is the hundred millions digit of 157007174?
1
What is the hundred thousands digit of 5251095813?
0
What is the ten millions digit of 373731074?
7
What is the units digit of 177221732?
2
What is the ten millions digit of 429187993?
2
What is the hundred millions digit of 256443165?
2
What is the millions digit of 156518529?
6
What is the hundreds digit of 11915672?
6
What is the millions digit of 1858384332?
8
What is the millions digit of 54546143?
4
What is the thousands digit of 666861219?
1
What is the thousands digit of 94112473?
2
What is the tens digit of 162722921?
2
What is the millions digit of 540309561?
0
What is the tens digit of 26360920?
2
What is the ten millions digit of 84353074?
8
What is the tens digit of 14356609?
0
What is the hundred millions digit of 2850453047?
8
What is the ten thousands digit of 358875650?
7
What is the ten millions digit of 205117506?
0
What is the hundred thousands digit of 34107278?
1
What is the hundreds digit of 82458292?
2
What is the hundred millions digit of 455202014?
4
What is the hundred thousands digit of 55292373?
2
What is the millions digit of 42645429?
2
What is the tens digit of 541308147?
4
What is the tens digit of 49467392?
9
What is the tens digit of 26514309?
0
What is the hundreds digit of 100868324?
3
What is the ten thousands digit of 489427477?
2
What is the units digit of 28952838?
8
What is the hundred thousands digit of 793620837?
6
What is the thousands digit of 701464656?
4
What is the tens digit of 349421007?
0
What is the hundreds digit of 65886974?
9
What is the hundred millions digit of 419913590?
4
What is the tens digit of 964442960?
6
What is the hundred thousands digit of 6778437796?
4
What is the thousands digit of 82665530?
5
What is the hundred thousands digit of 956840225?
8
What is the thousands digit of 500740390?
0
What is the tens digit of 10026244?
4
What is the hundred thousands digit of 726240161?
2
What is the ten thousands digit of 4667351?
6
What is the millions digit of 3122147587?
2
What is the tens digit of 32129447?
4
What is the tens digit of 67139616?
1
What is the thousands digit of 41821894?
1
What is the ten thousands digit of 2348079696?
7
What is the hundred millions digit of 2102268084?
1
What is the ten millions digit of 3956554630?
5
What is the ten thousands digit of 3564771886?
7
What is the ten thousands digit of 18274944?
7
What is the hundred thousands digit of 1264792284?
7
What is the hundred thousands digit of 75064080?
0
What is the hundred millions digit of 2746812535?
7
What is the tens digit of 34941658?
5
What is the hundreds digit of 11954138?
1
What is the hundred thousands digit of 589685182?
6
What is the hundreds digit of 3200864528?
5
What is the ten thousands digit of 1040934226?
3
What is the thousands digit of 1493906720?
6
What is the hundred millions digit of 208304072?
2
What is the hundreds digit of 81828291?
2
What is the tens digit of 565007248?
4
What is the tens digit of 269500004?
0
What is the ten thousands digit of 903275357?
7
What is the hundred thousands digit of 1605258471?
2
What is the hundred thousands digit of 42003403?
0
What is the hundred millions digit of 123036536?
1
What is the thousands digit of 80704514?
4
What is the hundred millions digit of 100364175?
1
What is the millions digit of 3312028202?
2
What is the ten thousands digit of 9448187?
4
What is the ten thousands digit of 37922719?
2
What is the hundred thousands digit of 1299832167?
8
What is the hundred millions digit of 464606872?
4
What is the hundred millions digit of 580378124?
5
What is the hundred thousands digit of 4501197?
5
What is the thousands digit of 118688547?
8
What is the thousands digit of 110860572?
0
What is the ten thousands digit of 241028505?
2
What is the ten millions digit of 733156905?
3
What is the tens digit of 122995943?
4
What is the hundred thousands digit of 258794688?
7
What is the ten millions digit of 397932374?
9
What is the hundreds digit of 51011238?
2
What is the thousands digit of 14578252?
8
What is the millions digit of 60778488?
0
What is the ten millions digit of 760823022?
6
What is the millions digit of 458904353?
8
What is the millions digit of 3274475?
3
What is the ten thousands digit of 170999864?
9
What is the ten millions digit of 4632184803?
3
What is the ten millions digit 